[INFO] cloning repository https://github.com/sjvadi/rustactoe
[INFO] running `Command { std: "git" "-c" "credential.helper=" "-c" "credential.helper=/workspace/cargo-home/bin/git-credential-null" "clone" "--bare" "https://github.com/sjvadi/rustactoe" "/workspace/cache/git-repos/https%3A%2F%2Fgithub.com%2Fsjvadi%2Frustactoe", kill_on_drop: false }`
[INFO] [stderr] Cloning into bare repository '/workspace/cache/git-repos/https%3A%2F%2Fgithub.com%2Fsjvadi%2Frustactoe'...
[INFO] running `Command { std: "git" "rev-parse" "HEAD", kill_on_drop: false }`
[INFO] [stdout] d9a028cabd9ab196a7648878e94c42b59a089f75
[INFO] building sjvadi/rustactoe against master#881c1ac408d93bb7adaa3a51dabab9266e82eee8 for issue-85264
[INFO] running `Command { std: "git" "clone" "/workspace/cache/git-repos/https%3A%2F%2Fgithub.com%2Fsjvadi%2Frustactoe" "/workspace/builds/worker-11/source", kill_on_drop: false }`
[INFO] [stderr] Cloning into '/workspace/builds/worker-11/source'...
[INFO] [stderr] done.
[INFO] validating manifest of git repo https://github.com/sjvadi/rustactoe on toolchain 881c1ac408d93bb7adaa3a51dabab9266e82eee8
[INFO] running `Command { std: "/workspace/cargo-home/bin/cargo" "+881c1ac408d93bb7adaa3a51dabab9266e82eee8" "metadata" "--manifest-path" "Cargo.toml" "--no-deps", kill_on_drop: false }`
[INFO] started tweaking git repo https://github.com/sjvadi/rustactoe
[INFO] finished tweaking git repo https://github.com/sjvadi/rustactoe
[INFO] tweaked toml for git repo https://github.com/sjvadi/rustactoe written to /workspace/builds/worker-11/source/Cargo.toml
[INFO] crate git repo https://github.com/sjvadi/rustactoe already has a lockfile, it will not be regenerated
[INFO] running `Command { std: "/workspace/cargo-home/bin/cargo" "+881c1ac408d93bb7adaa3a51dabab9266e82eee8" "fetch" "--manifest-path" "Cargo.toml", kill_on_drop: false }`
[INFO] running `Command { std: "docker" "create" "-v" "/var/lib/crater-agent-workspace/builds/worker-11/target:/opt/rustwide/target:rw,Z" "-v" "/var/lib/crater-agent-workspace/builds/worker-11/source:/opt/rustwide/workdir:ro,Z" "-v" "/var/lib/crater-agent-workspace/cargo-home:/opt/rustwide/cargo-home:ro,Z" "-v" "/var/lib/crater-agent-workspace/rustup-home:/opt/rustwide/rustup-home:ro,Z" "-e" "SOURCE_DIR=/opt/rustwide/workdir" "-e" "CARGO_TARGET_DIR=/opt/rustwide/target" "-e" "CARGO_HOME=/opt/rustwide/cargo-home" "-e" "RUSTUP_HOME=/opt/rustwide/rustup-home" "-w" "/opt/rustwide/workdir" "-m" "1610612736" "--user" "0:0" "--network" "none" "ghcr.io/rust-lang/crates-build-env/linux@sha256:20528e8c29e4536546f0102ce88568b16ea7538393a33fcca951030f7af10457" "/opt/rustwide/cargo-home/bin/cargo" "+881c1ac408d93bb7adaa3a51dabab9266e82eee8" "metadata" "--no-deps" "--format-version=1", kill_on_drop: false }`
[INFO] [stdout] 144001522a4f8354ce6ed74c1f0cfe0d8ff293c4f75557722a32503f3e181f1e
[INFO] [stderr] WARNING: Your kernel does not support swap limit capabilities or the cgroup is not mounted. Memory limited without swap.
[INFO] running `Command { std: "docker" "start" "-a" "144001522a4f8354ce6ed74c1f0cfe0d8ff293c4f75557722a32503f3e181f1e", kill_on_drop: false }`
[INFO] running `Command { std: "docker" "inspect" "144001522a4f8354ce6ed74c1f0cfe0d8ff293c4f75557722a32503f3e181f1e", kill_on_drop: false }`
[INFO] running `Command { std: "docker" "rm" "-f" "144001522a4f8354ce6ed74c1f0cfe0d8ff293c4f75557722a32503f3e181f1e", kill_on_drop: false }`
[INFO] [stdout] 144001522a4f8354ce6ed74c1f0cfe0d8ff293c4f75557722a32503f3e181f1e
[INFO] running `Command { std: "docker" "create" "-v" "/var/lib/crater-agent-workspace/builds/worker-11/target:/opt/rustwide/target:rw,Z" "-v" "/var/lib/crater-agent-workspace/builds/worker-11/source:/opt/rustwide/workdir:ro,Z" "-v" "/var/lib/crater-agent-workspace/cargo-home:/opt/rustwide/cargo-home:ro,Z" "-v" "/var/lib/crater-agent-workspace/rustup-home:/opt/rustwide/rustup-home:ro,Z" "-e" "SOURCE_DIR=/opt/rustwide/workdir" "-e" "CARGO_TARGET_DIR=/opt/rustwide/target" "-e" "CARGO_INCREMENTAL=0" "-e" "RUST_BACKTRACE=full" "-e" "RUSTFLAGS=--cap-lints=forbid" "-e" "CARGO_HOME=/opt/rustwide/cargo-home" "-e" "RUSTUP_HOME=/opt/rustwide/rustup-home" "-w" "/opt/rustwide/workdir" "-m" "1610612736" "--user" "0:0" "--network" "none" "ghcr.io/rust-lang/crates-build-env/linux@sha256:20528e8c29e4536546f0102ce88568b16ea7538393a33fcca951030f7af10457" "/opt/rustwide/cargo-home/bin/cargo" "+881c1ac408d93bb7adaa3a51dabab9266e82eee8" "build" "--frozen" "--message-format=json", kill_on_drop: false }`
[INFO] [stdout] 80bf4ddd3e775d1992a8f74f6c98fed2284c5e1645a447d8b23e653543bdf9fb
[INFO] [stderr] WARNING: Your kernel does not support swap limit capabilities or the cgroup is not mounted. Memory limited without swap.
[INFO] running `Command { std: "docker" "start" "-a" "80bf4ddd3e775d1992a8f74f6c98fed2284c5e1645a447d8b23e653543bdf9fb", kill_on_drop: false }`
[INFO] [stderr]    Compiling rustlang_project v0.1.0 (/opt/rustwide/workdir)
[INFO] [stdout] error: this file contains an unclosed delimiter
[INFO] [stdout]   --> src/assets.rs:72:3
[INFO] [stdout]    |
[INFO] [stdout] 43 | impl Board {
[INFO] [stdout]    |            - unclosed delimiter
[INFO] [stdout] 44 |     pub fn change(&mut self, p: Place, t: &Type){
[INFO] [stdout]    |                                                 - unclosed delimiter
[INFO] [stdout] ...
[INFO] [stdout] 60 |             match p {
[INFO] [stdout]    |                     - this delimiter might not be properly closed...
[INFO] [stdout] ...
[INFO] [stdout] 71 |     }
[INFO] [stdout]    |     - ...as it matches this but it has different indentation
[INFO] [stdout] 72 | }
[INFO] [stdout]    |   ^
[INFO] [stdout] 
[INFO] [stdout] 
[INFO] [stdout] error[E0423]: expected value, found enum `Type`
[INFO] [stdout]   --> src/assets.rs:61:40
[INFO] [stdout]    |
[INFO] [stdout] 61 |                 Place::A1 => self.A1 = Type.Circle,
[INFO] [stdout]    |                                        ^^^^
[INFO] [stdout]    |
[INFO] [stdout] note: the enum is defined here
[INFO] [stdout]   --> src/assets.rs:2:1
[INFO] [stdout]    |
[INFO] [stdout] 2  | / pub enum Type {
[INFO] [stdout] 3  | |     Empty,
[INFO] [stdout] 4  | |     Cross,
[INFO] [stdout] 5  | |     Circle
[INFO] [stdout] 6  | | }
[INFO] [stdout]    | |_^
[INFO] [stdout] help: you might have meant to use one of the following enum variants
[INFO] [stdout]    |
[INFO] [stdout] 61 |                 Place::A1 => self.A1 = assets::Type::Empty.Circle,
[INFO] [stdout]    |                                        ^^^^^^^^^^^^^^^^^^^
[INFO] [stdout] 61 |                 Place::A1 => self.A1 = assets::Type::Cross.Circle,
[INFO] [stdout]    |                                        ^^^^^^^^^^^^^^^^^^^
[INFO] [stdout] 61 |                 Place::A1 => self.A1 = assets::Type::Circle.Circle,
[INFO] [stdout]    |                                        ^^^^^^^^^^^^^^^^^^^^
[INFO] [stdout] 
[INFO] [stdout] 
[INFO] [stdout] error[E0423]: expected value, found enum `Type`
[INFO] [stdout]   --> src/assets.rs:62:40
[INFO] [stdout]    |
[INFO] [stdout] 62 |                 Place::A2 => self.A2 = Type.Circle,
[INFO] [stdout]    |                                        ^^^^
[INFO] [stdout]    |
[INFO] [stdout] note: the enum is defined here
[INFO] [stdout]   --> src/assets.rs:2:1
[INFO] [stdout]    |
[INFO] [stdout] 2  | / pub enum Type {
[INFO] [stdout] 3  | |     Empty,
[INFO] [stdout] 4  | |     Cross,
[INFO] [stdout] 5  | |     Circle
[INFO] [stdout] 6  | | }
[INFO] [stdout]    | |_^
[INFO] [stdout] help: you might have meant to use one of the following enum variants
[INFO] [stdout]    |
[INFO] [stdout] 62 |                 Place::A2 => self.A2 = assets::Type::Empty.Circle,
[INFO] [stdout]    |                                        ^^^^^^^^^^^^^^^^^^^
[INFO] [stdout] 62 |                 Place::A2 => self.A2 = assets::Type::Cross.Circle,
[INFO] [stdout]    |                                        ^^^^^^^^^^^^^^^^^^^
[INFO] [stdout] 62 |                 Place::A2 => self.A2 = assets::Type::Circle.Circle,
[INFO] [stdout]    |                                        ^^^^^^^^^^^^^^^^^^^^
[INFO] [stdout] 
[INFO] [stdout] 
[INFO] [stdout] error[E0423]: expected value, found enum `Type`
[INFO] [stdout]   --> src/assets.rs:63:40
[INFO] [stdout]    |
[INFO] [stdout] 63 |                 Place::A3 => self.A3 = Type.Circle,
[INFO] [stdout]    |                                        ^^^^
[INFO] [stdout]    |
[INFO] [stdout] note: the enum is defined here
[INFO] [stdout]   --> src/assets.rs:2:1
[INFO] [stdout]    |
[INFO] [stdout] 2  | / pub enum Type {
[INFO] [stdout] 3  | |     Empty,
[INFO] [stdout] 4  | |     Cross,
[INFO] [stdout] 5  | |     Circle
[INFO] [stdout] 6  | | }
[INFO] [stdout]    | |_^
[INFO] [stdout] help: you might have meant to use one of the following enum variants
[INFO] [stdout]    |
[INFO] [stdout] 63 |                 Place::A3 => self.A3 = assets::Type::Empty.Circle,
[INFO] [stdout]    |                                        ^^^^^^^^^^^^^^^^^^^
[INFO] [stdout] 63 |                 Place::A3 => self.A3 = assets::Type::Cross.Circle,
[INFO] [stdout]    |                                        ^^^^^^^^^^^^^^^^^^^
[INFO] [stdout] 63 |                 Place::A3 => self.A3 = assets::Type::Circle.Circle,
[INFO] [stdout]    |                                        ^^^^^^^^^^^^^^^^^^^^
[INFO] [stdout] 
[INFO] [stdout] 
[INFO] [stdout] error[E0423]: expected value, found enum `Type`
[INFO] [stdout]   --> src/assets.rs:64:40
[INFO] [stdout]    |
[INFO] [stdout] 64 |                 Place::B1 => self.B1 = Type.Circle,
[INFO] [stdout]    |                                        ^^^^
[INFO] [stdout]    |
[INFO] [stdout] note: the enum is defined here
[INFO] [stdout]   --> src/assets.rs:2:1
[INFO] [stdout]    |
[INFO] [stdout] 2  | / pub enum Type {
[INFO] [stdout] 3  | |     Empty,
[INFO] [stdout] 4  | |     Cross,
[INFO] [stdout] 5  | |     Circle
[INFO] [stdout] 6  | | }
[INFO] [stdout]    | |_^
[INFO] [stdout] help: you might have meant to use one of the following enum variants
[INFO] [stdout]    |
[INFO] [stdout] 64 |                 Place::B1 => self.B1 = assets::Type::Empty.Circle,
[INFO] [stdout]    |                                        ^^^^^^^^^^^^^^^^^^^
[INFO] [stdout] 64 |                 Place::B1 => self.B1 = assets::Type::Cross.Circle,
[INFO] [stdout]    |                                        ^^^^^^^^^^^^^^^^^^^
[INFO] [stdout] 64 |                 Place::B1 => self.B1 = assets::Type::Circle.Circle,
[INFO] [stdout]    |                                        ^^^^^^^^^^^^^^^^^^^^
[INFO] [stdout] 
[INFO] [stdout] 
[INFO] [stdout] error[E0423]: expected value, found enum `Type`
[INFO] [stdout]   --> src/assets.rs:65:40
[INFO] [stdout]    |
[INFO] [stdout] 65 |                 Place::B2 => self.B2 = Type.Circle,
[INFO] [stdout]    |                                        ^^^^
[INFO] [stdout]    |
[INFO] [stdout] note: the enum is defined here
[INFO] [stdout]   --> src/assets.rs:2:1
[INFO] [stdout]    |
[INFO] [stdout] 2  | / pub enum Type {
[INFO] [stdout] 3  | |     Empty,
[INFO] [stdout] 4  | |     Cross,
[INFO] [stdout] 5  | |     Circle
[INFO] [stdout] 6  | | }
[INFO] [stdout]    | |_^
[INFO] [stdout] help: you might have meant to use one of the following enum variants
[INFO] [stdout]    |
[INFO] [stdout] 65 |                 Place::B2 => self.B2 = assets::Type::Empty.Circle,
[INFO] [stdout]    |                                        ^^^^^^^^^^^^^^^^^^^
[INFO] [stdout] 65 |                 Place::B2 => self.B2 = assets::Type::Cross.Circle,
[INFO] [stdout]    |                                        ^^^^^^^^^^^^^^^^^^^
[INFO] [stdout] 65 |                 Place::B2 => self.B2 = assets::Type::Circle.Circle,
[INFO] [stdout]    |                                        ^^^^^^^^^^^^^^^^^^^^
[INFO] [stdout] 
[INFO] [stdout] 
[INFO] [stdout] error[E0423]: expected value, found enum `Type`
[INFO] [stdout]   --> src/assets.rs:66:40
[INFO] [stdout]    |
[INFO] [stdout] 66 |                 Place::B3 => self.B3 = Type.Circle,
[INFO] [stdout]    |                                        ^^^^
[INFO] [stdout]    |
[INFO] [stdout] note: the enum is defined here
[INFO] [stdout]   --> src/assets.rs:2:1
[INFO] [stdout]    |
[INFO] [stdout] 2  | / pub enum Type {
[INFO] [stdout] 3  | |     Empty,
[INFO] [stdout] 4  | |     Cross,
[INFO] [stdout] 5  | |     Circle
[INFO] [stdout] 6  | | }
[INFO] [stdout]    | |_^
[INFO] [stdout] help: you might have meant to use one of the following enum variants
[INFO] [stdout]    |
[INFO] [stdout] 66 |                 Place::B3 => self.B3 = assets::Type::Empty.Circle,
[INFO] [stdout]    |                                        ^^^^^^^^^^^^^^^^^^^
[INFO] [stdout] 66 |                 Place::B3 => self.B3 = assets::Type::Cross.Circle,
[INFO] [stdout]    |                                        ^^^^^^^^^^^^^^^^^^^
[INFO] [stdout] 66 |                 Place::B3 => self.B3 = assets::Type::Circle.Circle,
[INFO] [stdout]    |                                        ^^^^^^^^^^^^^^^^^^^^
[INFO] [stdout] 
[INFO] [stdout] 
[INFO] [stdout] error[E0423]: expected value, found enum `Type`
[INFO] [stdout]   --> src/assets.rs:67:40
[INFO] [stdout]    |
[INFO] [stdout] 67 |                 Place::C1 => self.C1 = Type.Circle,
[INFO] [stdout]    |                                        ^^^^
[INFO] [stdout]    |
[INFO] [stdout] note: the enum is defined here
[INFO] [stdout]   --> src/assets.rs:2:1
[INFO] [stdout]    |
[INFO] [stdout] 2  | / pub enum Type {
[INFO] [stdout] 3  | |     Empty,
[INFO] [stdout] 4  | |     Cross,
[INFO] [stdout] 5  | |     Circle
[INFO] [stdout] 6  | | }
[INFO] [stdout]    | |_^
[INFO] [stdout] help: you might have meant to use one of the following enum variants
[INFO] [stdout]    |
[INFO] [stdout] 67 |                 Place::C1 => self.C1 = assets::Type::Empty.Circle,
[INFO] [stdout]    |                                        ^^^^^^^^^^^^^^^^^^^
[INFO] [stdout] 67 |                 Place::C1 => self.C1 = assets::Type::Cross.Circle,
[INFO] [stdout]    |                                        ^^^^^^^^^^^^^^^^^^^
[INFO] [stdout] 67 |                 Place::C1 => self.C1 = assets::Type::Circle.Circle,
[INFO] [stdout]    |                                        ^^^^^^^^^^^^^^^^^^^^
[INFO] [stdout] 
[INFO] [stdout] 
[INFO] [stdout] error[E0423]: expected value, found enum `Type`
[INFO] [stdout]   --> src/assets.rs:68:40
[INFO] [stdout]    |
[INFO] [stdout] 68 |                 Place::C2 => self.C2 = Type.Circle,
[INFO] [stdout]    |                                        ^^^^
[INFO] [stdout]    |
[INFO] [stdout] note: the enum is defined here
[INFO] [stdout]   --> src/assets.rs:2:1
[INFO] [stdout]    |
[INFO] [stdout] 2  | / pub enum Type {
[INFO] [stdout] 3  | |     Empty,
[INFO] [stdout] 4  | |     Cross,
[INFO] [stdout] 5  | |     Circle
[INFO] [stdout] 6  | | }
[INFO] [stdout]    | |_^
[INFO] [stdout] help: you might have meant to use one of the following enum variants
[INFO] [stdout]    |
[INFO] [stdout] 68 |                 Place::C2 => self.C2 = assets::Type::Empty.Circle,
[INFO] [stdout]    |                                        ^^^^^^^^^^^^^^^^^^^
[INFO] [stdout] 68 |                 Place::C2 => self.C2 = assets::Type::Cross.Circle,
[INFO] [stdout]    |                                        ^^^^^^^^^^^^^^^^^^^
[INFO] [stdout] 68 |                 Place::C2 => self.C2 = assets::Type::Circle.Circle,
[INFO] [stdout]    |                                        ^^^^^^^^^^^^^^^^^^^^
[INFO] [stdout] 
[INFO] [stdout] 
[INFO] [stdout] error[E0423]: expected value, found enum `Type`
[INFO] [stdout]   --> src/assets.rs:69:40
[INFO] [stdout]    |
[INFO] [stdout] 69 |                 Place::C3 => self.C3 = Type.Circle,
[INFO] [stdout]    |                                        ^^^^
[INFO] [stdout]    |
[INFO] [stdout] note: the enum is defined here
[INFO] [stdout]   --> src/assets.rs:2:1
[INFO] [stdout]    |
[INFO] [stdout] 2  | / pub enum Type {
[INFO] [stdout] 3  | |     Empty,
[INFO] [stdout] 4  | |     Cross,
[INFO] [stdout] 5  | |     Circle
[INFO] [stdout] 6  | | }
[INFO] [stdout]    | |_^
[INFO] [stdout] help: you might have meant to use one of the following enum variants
[INFO] [stdout]    |
[INFO] [stdout] 69 |                 Place::C3 => self.C3 = assets::Type::Empty.Circle,
[INFO] [stdout]    |                                        ^^^^^^^^^^^^^^^^^^^
[INFO] [stdout] 69 |                 Place::C3 => self.C3 = assets::Type::Cross.Circle,
[INFO] [stdout]    |                                        ^^^^^^^^^^^^^^^^^^^
[INFO] [stdout] 69 |                 Place::C3 => self.C3 = assets::Type::Circle.Circle,
[INFO] [stdout]    |                                        ^^^^^^^^^^^^^^^^^^^^
[INFO] [stdout] 
[INFO] [stdout] 
[INFO] [stdout] error: aborting due to 10 previous errors
[INFO] [stdout] 
[INFO] [stdout] 
[INFO] [stdout] For more information about this error, try `rustc --explain E0423`.
[INFO] [stdout] 
[INFO] [stderr] error: could not compile `rustlang_project`
[INFO] [stderr] 
[INFO] [stderr] To learn more, run the command again with --verbose.
[INFO] running `Command { std: "docker" "inspect" "80bf4ddd3e775d1992a8f74f6c98fed2284c5e1645a447d8b23e653543bdf9fb", kill_on_drop: false }`
[INFO] running `Command { std: "docker" "rm" "-f" "80bf4ddd3e775d1992a8f74f6c98fed2284c5e1645a447d8b23e653543bdf9fb", kill_on_drop: false }`
[INFO] [stdout] 80bf4ddd3e775d1992a8f74f6c98fed2284c5e1645a447d8b23e653543bdf9fb
